9)/(-3) + 10*k?
23
Suppose j = 2*j + 5*b - 449, -j = -3*b - 457. What are the prime factors of j?
2, 227
List the prime factors of (90/(-35) - -3) + (-221)/(-7).
2
Suppose 5*v + 4*g - 9720 = -g, 5*g - 7778 = -4*v. List the prime factors of v.
2, 971
Suppose -4*f + 801 = 2*j - 97, 0 = 3*j - f - 1319. What are the prime factors of j?
3, 7
Suppose 5*a = 5, 0 = 2*l - 0*l - a + 1. Let d be (7 + -8)*1*-6. Suppose l = q - 11 - d. List the prime factors of q.
17
Suppose 0 = -4*y - y. Let d be 0 + 0 + (20 - y). Let l = d - 4. List the prime factors of l.
2
Suppose -4*a + 1574 + 718 = 0. What are the prime factors of a?
3, 191
Suppose 0 = 2*j - 6. Let y = j + -1. Suppose -4*c + 32 = -y*c. What are the prime factors of c?
2
What are the prime factors of 3 - 12300/(-9) - (-46)/(-69)?
37
Let x(w) = w**3 - 6*w**2 - 11*w + 3. Let h be x(6). What are the prime factors of 18/h + (-60)/(-14)?
2
Let x(c) = 2*c**3 + 2*c**2 + 2*c - 28. Let l be x(4). Let d = -86 + l. List the prime factors of d.
2, 3
Suppose v = -18 + 49. Let t = v + -5. What are the prime factors of t?
2, 13
Let j(d) = -2*d**3 - 6*d**2 + 6*d - 4. Let y be j(-5). Let b = y + -32. Suppose 2*v = -0*v + b. List the prime factors of v.
17
Let g(f) = -5*f - 3*f - 2 + 0*f + 3*f. Let c(w) = 3*w**3 + w**2 - 1. Let r be c(-1). What are the prime factors of g(r)?
13
Let s(h) = h**3 - 10*h**2 + 5*h + 5. Let f be s(6). Let d = -160 - f. Let i = 24 - d. What are the prime factors of i?
3, 5
Let a(f) = 4*f**2 + 3*f + 5. Let b be a(-4). Suppose -5*i + 725 = -y - b, -3*i - y + 466 = 0. What are the prime factors of i?
2, 3, 13
Let z(x) = -307*x**3 + x**2 + 2*x. List the prime factors of z(-1).
2, 3, 17
Let d = 104 - -202. Suppose 6*q = -48 + d. What are the prime factors of q?
43
Let m(q) = -q**3 + 6*q**2 + 6*q + 10. Let u be -2 + (-51)/((-9)/3). Let c = u - 8. What are the prime factors of m(c)?
3
Let d(r) = r**3 + 5*r**2 + r + 4. Let a be d(-4). Let n = -8 + a. Suppose 2*m - 40 = n*b - 4*b, 3*m = -b + 53. What are the prime factors of m?
2, 3
Suppose -3*l + l = 28. Let n = l - -17. Suppose -n = r - 16. What are the prime factors of r?
13
Let j = 222 + -93. Let l = j - 74. What are the prime factors of l?
5, 11
Suppose -206 = 4*w - 3*v, -3*v = w + v + 42. Let z be 3/(148/w - -3). Let n = -41 + z. What are the prime factors of n?
2, 17
Let z(h) = -15*h - 45. Let j be z(-7). Suppose 8*t = 12*t - j. List the prime factors of t.
3, 5
Suppose -21 = -2*m - 1. List the prime factors of (m - 46)*1/(-4).
3
Suppose 3 = y - 51. Suppose -4*s - 8 = -4*t, 3*t + 5*s = 2 + 44. Suppose i + y = t*i. List the prime factors of i.
3
Let z(l) = l**3 + 7*l**2 - 9*l - 2. Let o be (-3)/(3/1) - 7. Let t be z(o). Suppose -t = -3*b + 81. What are the prime factors of b?
29
Let n(s) = -5*s - 12*s**2 - 21 + 10*s**2 + 3*s**2. List the prime factors of n(-8).
83
Let o(c) = 3*c**3 - 2*c**2 - 4. Let p(w) = -7*w**3 + 5*w**2 + 9. Let b(n) = -5*o(n) - 2*p(n). Let k = 1 + -1. What are the prime factors of b(k)?
2
Let m = 6 + -3. Let t be ((-9)/(-18)*-2)/(1/(-2)). Suppose -5*j + t*j + 5*a + 154 = 0, 4*j + m*a - 244 = 0. What are the prime factors of j?
2, 29
List the prime factors of -6*((-18)/27 + 486/(-4)).
733
Let d(h) = -h**2 + 12*h - 22. Let a be d(9). Suppose 3*n + 4*x = -x + 127, 0 = -a*x - 5. List the prime factors of n.
2, 11
Suppose 4 = -5*t + 9. Let x(g) = -2 + 1 - 4*g + g - t. List the prime factors of x(-9).
5
Let i be 10/(-4) + (-1)/(-2). Let v be ((-40)/6)/(i/3). Let q = 26 - v. What are the prime factors of q?
2
What are the prime factors of ((-13536)/(-28) - -3) + (-4)/(-7)?
487
Let k(y) = 182*y**2 + 8*y + 7. List the prime factors of k(-1).
181
Let o = -903 - -1254. List the prime factors of o.
3, 13
Let q(k) = 4*k - 4. Let p be q(-4). Let a(g) = 42*g - 5. Let m be a(-1). Let u = p - m. What are the prime factors of u?
3
Let z = -228 + 202. Let m be (-42)/5 + 2/5. Let d = m - z. List the prime factors of d.
2, 3
Suppose 11*i - 10*i - 4*c = 1165, 0 = 4*i - 2*c - 4590. List the prime factors of i.
5, 229
Suppose 621 = 4*b - b. Suppose -y = -4*y + b. List the prime factors of y.
3, 23
Let k = 60 + -58. List the prime factors of 436/4 + k - 3.
2, 3
Suppose 0 = 2*l, 104 - 336 = -2*r + 3*l. Suppose -137 = -3*i - 2*n, -3*n - 89 = -4*i + 122. Let u = r - i. List the prime factors of u.
67
Suppose 2*z = 6*z - 3*h - 6674, 0 = 3*h + 6. List the prime factors of z.
1667
Suppose h + 5*d = 33, 3*h - 99 = 4*d - 2*d. Suppose 0 = 3*g - h + 219. Let y = g + 115. What are the prime factors of y?
53
Let r(q) = 5*q - 22. Let s be r(8). Suppose 13*v = s*v - 200. What are the prime factors of v?
2, 5
Let o(z) be the first derivative of z**3/3 - z**2 + 16*z - 4. Let n be o(0). Suppose n = 4*a, 3*w = -2*w + 3*a + 48. What are the prime factors of w?
2, 3
Let r = 10 - 8. Suppose 3*y + k + 0 = 4, -r = y + 2*k. Suppose y*h - 25 = 23. What are the prime factors of h?
2, 3
Let u(t) = -t**2 + 12*t + 20. Let y be u(13). Let l = 22 + y. Let k = 61 - l. List the prime factors of k.
2
Suppose -5*q + 112 = g, -2*q + 38 + 23 = -5*g. List the prime factors of q.
23
Let t(n) = -n**3 + 5*n**2 - 3*n + 1. Suppose -6 = -r - r. Suppose u - 1 = r. What are the prime factors of t(u)?
5
Let a = 5 + 1. Let r be (2 - 82/a)*-3. Let n = 58 - r. List the prime factors of n.
23
Suppose -16*g + 3188 = -748. What are the prime factors of g?
2, 3, 41
Let v = -217 + 220. Let a(t) be the third derivative of -t**6/120 + t**5/12 + t**4/12 - 2*t**3/3 + t**2. What are the prime factors of a(v)?
2, 5
Let r be ((-6)/9)/(6/(-27)). Suppose 3*s - 61 = -g - s, -117 = -2*g - r*s. What are the prime factors of g?
3, 19
Suppose -2*m + 20 = -20. Suppose 4*l - 28 - m = 0. Let x(s) = s**3 - 11*s**2 - 10*s + 1. What are the prime factors of x(l)?
5
Let j(l) = -l**2 - 11*l + 17. Let h be j(-12). Let y be h/(-2)*(-1 - 1). Suppose -5*s - 5 = 5*o, -o + y = 5*s - s. What are the prime factors of s?
2
Let k(r) = -r**2 + 8*r + 4. Let o(b) = 2*b**2 - 15*b - 8. Let m(w) = 7*k(w) + 4*o(w). List the prime factors of m(9).
41
Let t be (18/(-4))/(12/16). Let v(r) = r**2 + 9*r - 2. Let x(j) = -2*j**2 - 19*j + 4. Let s(d) = -7*v(d) - 3*x(d). List the prime factors of s(t).
2
Suppose 3*t = g + 139, 671 = -5*g - 0*t + 3*t. What are the prime factors of (-2)/(-7) - 39463/g?
3, 11
Let u(q) = 6 - 16*q**2 + 182*q**2 - 82*q + 37*q + 40*q. List the prime factors of u(1).
167
Let y be (-2)/4 - (-147)/14. Suppose a - 5*q + y*q - 13 = 0, a + 3 = 3*q. Suppose 2*t - 5*s - 52 = 0, 5*s - 128 = -a*t - 0*s. What are the prime factors of t?
2, 3
Suppose 2*z = q + 8, -7 = -q - 0*z - z. Suppose 0 = -4*c - b + 17, -c - b + 6 = -q. List the prime factors of c.
3
Let i(j) = -9 - 7*j + 6*j - 6*j + 3*j. Let l be i(-17). Suppose -c = -3*y + 44, y + 3*y = c + l. What are the prime factors of y?
3, 5
Let v be (0 + 2)*(-5 + 7). Suppose -v*r + 363 = -333. What are the prime factors of r?
2, 3, 29
Suppose 12*t = -3*t - 7665. Let w = -320 - t. What are the prime factors of w?
191
Let z be ((-6)/1)/((-39)/26). Suppose 0 = z*j - 549 - 491. Suppose 5*n - 2*a - 250 = -7*a, 5*n = 5*a + j. What are the prime factors of n?
3, 17
Suppose -4*u - 3*q + 10 = -9, -4*u + 3*q - 11 = 0. Let h(c) = -c**2 + c - 2*c + 0*c**2 + u + c**3 + 0*c**2. What are the prime factors of h(2)?
3
Let j be -1*44/12*24. Let r = j + 153. What are the prime factors of r?
5, 13
Suppose -66*a + 69*a = 0. List the prime factors of 4/5 - a - (-52)/10.
2, 3
Suppose 3*g - 6679 = -5*m + 10456, -m + g + 3419 = 0. What are the prime factors of m?
2, 107
Let f(d) = -d**2 + 14*d + 18. Let z be f(14). Let y be (-6)/(-4) - (-3141)/z. Suppose -2*x + 6*x - y = 0. What are the prime factors of x?
2, 11
Let y = 1027 - 603. List the prime factors of y.
2, 53
Let a(f) be the second derivative of -11*f**5/20 + 5*f**4/12 + f**3/3 - f**2 - 8*f. List the prime factors of a(-2).
2, 3, 17
Suppose -11*c + 2282 = -4516. What are the prime factors of c?
2, 3, 103
Suppose 4*i + 4940 = 4*f, f - 503 = -5*i + 732. What are the prime factors of f?
5, 13, 19
Suppose -2*t = -4*b - 38, -2*b - 2*b + 5*t = 41. Let f(r) = -5 + r**2 + r**3 + 8*r**2 - 4*r - 5 + 2*r. What are the prime factors of f(b)?
2
Suppose 2*f + 6 = -3*r, 2 = -r - 7*f + 5*f. Let j(n) be the first derivative of -3*n**4/4 - 2*n**3/3 + n**2/2 - 2*n + 1. 